{"id":8749,"date":"2023-02-02T15:42:09","date_gmt":"2023-02-02T14:42:09","guid":{"rendered":"https:\/\/reverent-antonelli.23-88-7-78.plesk.page\/video\/unsichtbarer-widerstand-vertrauen-und-protest-in-der-demokratie\/"},"modified":"2023-02-02T15:42:09","modified_gmt":"2023-02-02T14:42:09","slug":"unsichtbarer-widerstand-vertrauen-und-protest-in-der-demokratie","status":"publish","type":"aiovg_videos","link":"https:\/\/normativeorders.net\/en\/video\/unsichtbarer-widerstand-vertrauen-und-protest-in-der-demokratie\/","title":{"rendered":"Unsichtbarer Widerstand \u2013 Vertrauen und Protest in der Demokratie"},"content":{"rendered":"<p>Podiumsdiskussion im Rahmen der Frankfurter B\u00fcrger-Universit\u00e4t am 2. Februar 2023 im Geb\u00e4ude &#8220;Normative Ordnungen&#8221; auf dem Campus Westend der Goethe-Universit\u00e4t Frankfurt am Main.<\/p>\n<p>Mit Dominik Herold, Mitbegr\u00fcnder der B\u00fcrgerinitiative \u201eMehr als w\u00e4hlen e.V.\u201c, Netzwerk Paulskirche, Dr. Daniel Mullis, Leibniz-Institut Hessische Stiftung Friedens- und Konfliktforschung, Prof. Dr. Ferdinand Sutterl\u00fcty, Institut f\u00fcr Soziologie\/Goethe-Universit\u00e4t (Schwerpunkt Familien- und Jugendsoziologie), Prof. Dr. Lisbeth Zimmermann, Institut f\u00fcr Politikwissenschaft\/Goethe-Universit\u00e4t (Schwerpunkt Internationale Institutionen und Friedensprozesse)<\/p>\n<p>Moderation: Dr. Olaf Kaltenborn, Leiter PR und Kommunikation der Goethe-Universit\u00e4t<\/p>\n","protected":false},"excerpt":{"rendered":"<p>Podiumsdiskussion im Rahmen der Frankfurter B\u00fcrger-Universit\u00e4t am 2. Februar 2023 im Geb\u00e4ude &#8220;Normative Ordnungen&#8221; auf dem Campus Westend der Goethe-Universit\u00e4t Frankfurt am Main. Mit Dominik Herold, Mitbegr\u00fcnder der B\u00fcrgerinitiative \u201eMehr [&hellip;]<\/p>\n","protected":false},"author":6,"comment_status":"open","ping_status":"closed","template":"","meta":{"inline_featured_image":false,"_links_to":"","_links_to_target":""},"aiovg_categories":[349],"aiovg_tags":[],"class_list":["post-8749","aiovg_videos","type-aiovg_videos","status-publish","has-post-thumbnail","hentry","aiovg_categories-frankfurter-buerger-universitaet-en"],"acf":[],"_links":{"self":[{"href":"https:\/\/normativeorders.net\/en\/wp-json\/wp\/v2\/aiovg_videos\/8749"}],"collection":[{"href":"https:\/\/normativeorders.net\/en\/wp-json\/wp\/v2\/aiovg_videos"}],"about":[{"href":"https:\/\/normativeorders.net\/en\/wp-json\/wp\/v2\/types\/aiovg_videos"}],"author":[{"embeddable":true,"href":"https:\/\/normativeorders.net\/en\/wp-json\/wp\/v2\/users\/6"}],"replies":[{"embeddable":true,"href":"https:\/\/normativeorders.net\/en\/wp-json\/wp\/v2\/comments?post=8749"}],"wp:attachment":[{"href":"https:\/\/normativeorders.net\/en\/wp-json\/wp\/v2\/media?parent=8749"}],"wp:term":[{"taxonomy":"aiovg_categories","embeddable":true,"href":"https:\/\/normativeorders.net\/en\/wp-json\/wp\/v2\/aiovg_categories?post=8749"},{"taxonomy":"aiovg_tags","embeddable":true,"href":"https:\/\/normativeorders.net\/en\/wp-json\/wp\/v2\/aiovg_tags?post=8749"}],"curies":[{"name":"wp","href":"https:\/\/api.w.org\/{rel}","templated":true}]}}

<p>Podiumsdiskussion im Rahmen der Frankfurter Bürger-Universität am 2. Februar 2023 im Gebäude &#8220;Normative Ordnungen&#8221; auf dem Campus Westend der Goethe-Universität Frankfurt am Main.</p>
<p>Mit Dominik Herold, Mitbegründer der Bürgerinitiative „Mehr als wählen e.V.“, Netzwerk Paulskirche, Dr. Daniel Mullis, Leibniz-Institut Hessische Stiftung Friedens- und Konfliktforschung, Prof. Dr. Ferdinand Sutterlüty, Institut für Soziologie/Goethe-Universität (Schwerpunkt Familien- und Jugendsoziologie), Prof. Dr. Lisbeth Zimmermann, Institut für Politikwissenschaft/Goethe-Universität (Schwerpunkt Internationale Institutionen und Friedensprozesse)</p>
<p>Moderation: Dr. Olaf Kaltenborn, Leiter PR und Kommunikation der Goethe-Universität</p>

<p>Podiumsdiskussion im Rahmen der Frankfurter Bürger-Universität am 2. Februar 2023 im Gebäude &#8220;Normative Ordnungen&#8221; auf dem Campus Westend der Goethe-Universität Frankfurt am Main. Mit Dominik Herold, Mitbegründer der Bürgerinitiative „Mehr [&hellip;]</p>
